*d - 2. Let o be v(2). Let y = o - 7. Suppose -y = -x + 8. What are the prime factors of x?
3, 5
Suppose 4*l - 34 = 38. What are the prime factors of l?
2, 3
Suppose 2*g + 2 = 2*b - 20, -g = 4*b - 64. Suppose 4*n = i + b, 0 = 2*i + n + n - 10. List the prime factors of (2/(-2))/(i/(-5)).
5
Let l = -29 + 49. Suppose -l = -a - 5*r + 7, 4 = -3*a + 2*r. Suppose -a*m - 4 = -12. What are the prime factors of m?
2
Suppose 5*c - 17 = 163. List the prime factors of c.
2, 3
Let h = -1 - -1. Suppose 0 = 3*p - 4*p - 4*v + 3, -3*v = 0. Suppose p*o - 15 + h = 0. What are the prime factors of o?
5
Let u(y) = -y**2 - 14*y + 1. List the prime factors of u(-12).
5
Let t(r) = -16*r - 1. Let x be t(-1). Suppose -s = -0 + 4. Let q = x + s. What are the prime factors of q?
11
List the prime factors of 2 - 194/(-2) - (-6 - -2).
103
Suppose -5*o - 52 = -o. Let j = o + 22. List the prime factors of j.
3
Let l = 84 + 86. List the prime factors of l.
2, 5, 17
Let d = 10 - 5. Let z = d + -4. List the prime factors of z + 2*2/4.
2
Suppose 0 - 285 = -5*x. List the prime factors of x.
3, 19
Suppose -3*z - 2 = -20. Let s be 20/z + 3/(-9). Suppose -5*a = -17 - s. List the prime factors of a.
2
Let b(m) = -m**3 - 9*m**2 - 9*m - 6. Let a be b(-8). What are the prime factors of (-4)/(-4) + 6*a?
13
Let i = -5 + 6. Let r be i + 1 + 0 - 2. Suppose -8*z + 3*z + 15 = r. List the prime factors of z.
3
Let z = -6 - -7. Let m = 3 - z. Suppose 0 = 2*o - 2*v - 16, 7*v - m*v = 4*o - 34. List the prime factors of o.
2, 3
Let h(m) = m**3 + 6*m**2 + 2*m + 8. Let d be h(-6). Let k = 1 + -2. Let g = k - d. List the prime factors of g.
3
Let l = 48 + -20. What are the prime factors of l?
2, 7
Suppose 5*g + t = 781, 11*g + 5*t = 9*g + 317. What are the prime factors of g?
2, 3, 13
Suppose -m - 19 = -d + 2*m, -3*d + 18 = 4*m. Let s = d + 16. What are the prime factors of s?
2, 13
Suppose 21*g = 15*g + 708. List the prime factors of g.
2, 59
Let i(m) = m**2 - m. Let x be i(4). Let q = -1 - -5. Suppose -q*u + x = -u. What are the prime factors of u?
2
Suppose 2*l = 51 + 73. What are the prime factors of l?
2, 31
Suppose 5 + 1 = 3*d. Suppose 14 = d*f - 2. List the prime factors of f.
2
Let g be ((-6)/(-8))/((-2)/(-24)). Suppose 0 = 4*a + g - 21. Suppose -a*h - 33 = -6*h. What are the prime factors of h?
11
Let g be -3 + (-2 - -2) + 15. Suppose -2*a + 4*x - g = -3*a, 0 = -3*a - 2*x + 76. What are the prime factors of a?
2, 7
Suppose -12 = -7*y + 3*y. Suppose 5*v + 6 = -y*p - 9, 0 = -3*p - 3*v - 9. What are the prime factors of 1*(p + (-18)/(-1))?
2, 3
Let f = 66 + -41. What are the prime factors of f?
5
Let i be ((-4)/(-6))/((-3)/216). Let w be ((-4)/(-3))/((-2)/i). What are the prime factors of ((-6)/(-8))/(2/w)?
2, 3
Suppose 5*r = 5*b - 205, 3*b + 5*r = -2*b + 195. Let c = b - 20. List the prime factors of c.
2, 5
Let x(y) = 3*y**3 - y**2 - 1. Let c be x(2). Suppose -3 = -3*p + 5*s + 32, -c = -p - 2*s. Let n = p - 1. What are the prime factors of n?
2, 7
Suppose -p + 0 = -4. Let s = 8 - p. Suppose 3*h = -2*j + s*j + 8, -5*j + 1 = -4*h. List the prime factors of h.
2, 3
Suppose 53 - 2877 = -8*o. List the prime factors of o.
353
Let l = -113 + 380. List the prime factors of l.
3, 89
Let f = -211 + 349. What are the prime factors of f?
2, 3, 23
Suppose -20 = -4*h - h - 5*r, 1 = -h + 4*r. Suppose 39 = 4*m + 2*y + 17, -2*m = -h*y + 1. List the prime factors of m.
2
Let f be (-18)/9*(-2)/(-4). Let q = f + 11. What are the prime factors of q?
2, 5
Let u = 98 - 65. List the prime factors of u.
3, 11
Let m(k) = -k**3 - 14*k**2 - 10*k - 3. List the prime factors of m(-14).
137
Let n = 9 - 4. Let s be (2 - n)/(-3)*72. What are the prime factors of s/15 + 2/10?
5
Suppose -276 = -28*l + 16*l. What are the prime factors of l?
23
List the prime factors of (-382)/(-10) + 44/55.
3, 13
Let n(a) = a**2 - 4*a - 1. Let u be ((-4)/(8/(-10)))/1. List the prime factors of n(u).
2
Suppose 5*t - 9 = t - 3*i, 0 = -5*t + i + 16. Suppose -a = 4*v - 20, t*a + 42 = 6*v - v. List the prime factors of v.
2, 3
Let i be -4*2/(-8)*11. What are the prime factors of -1*i*(-7 - -6)?
11
Let t(j) = 2*j**3 - 3*j**2 + 2*j - 3. Let r = 3 - 1. List the prime factors of t(r).
5
Suppose -478 = -2*y + 66. Suppose 3*v + v = y. Suppose -v = -7*b + 3*b. List the prime factors of b.
17
Suppose -c - 4*c + 105 = 0. Suppose 5*y = c + 39. What are the prime factors of y?
2, 3
Let q = 11 - 6. Suppose 4*i + 49 = 3*a, q = -5*a + 4*a - 4*i. What are the prime factors of a?
11
Suppose 11*h - 990 = 1265. List the prime factors of h.
5, 41
Suppose -297 = -2*j + 2*x + x, 3*x = -j + 135. List the prime factors of 1/7 + j/21.
7
Let u(g) = 2*g**2 - 12*g + 12*g. Let b be u(-1). Suppose 0 = p - 2*f - 20, 0 = -p + b*f + f + 23. List the prime factors of p.
2, 7
Let b = 1 + -2. Let q = 23 - b. Suppose -f + q = 2*f. List the prime factors of f.
2
Let v be (3 - 0) + 3/1. List the prime factors of (-244)/(-36) - v/(-27).
7
Suppose -d + 4*d = 60. Suppose -3*k - k = -d, -3*k - 10 = -5*z. List the prime factors of z.
5
Suppose -s = -0*s - 3. Suppose -u + s*j = -4*u + 6, u + 3*j = -6. What are the prime factors of u?
2, 3
Let u(m) be the third derivative of m**4/24 + m**3/3 - 2*m**2. Let k be u(0). Suppose 0 = 3*r + 4*p - 36, k*r - 24 + 0 = 3*p. What are the prime factors of r?
2, 3
Let y(f) be the second derivative of 7*f**4/12 - f**3/2 - 4*f. List the prime factors of y(2).
2, 11
Suppose -2*f - 2 + 0 = -m, -2*f - 6 = m. What are the prime factors of ((-26)/4 - 0)*f?
13
Let f = 0 - 1. Let i be -1 + 2 - (f + -10). Suppose -3*c = 2*o - 0*o - 35, -o + i = c. List the prime factors of c.
11
Let x = 11 - 4. Let v = x - 4. List the prime factors of v.
3
Let l be (8/(-2) + -2)/(-2). What are the prime factors of (-4)/(-3)*l/2?
2
Let q = 281 - 200. List the prime factors of q.
3
Let n(z) = 63*z + 2. What are the prime factors of n(1)?
5, 13
Let x(r) = -r**2 - 6*r - 2. Let o(k) = k**2 + 7*k + 5. Let w = -16 - -11. Let h be o(w). List the prime factors of x(h).
3
Suppose 6*o - 90 = 3*o. What are the prime factors of o?
2, 3, 5
Suppose -q + 176 = 3*q. What are the prime factors of q?
2, 11
Suppose 5*x + 440 = 5*v, 2*x = -2*x. What are the prime factors of v?
2, 11
Suppose 0 = 3*b - 7*b + 296. What are the prime factors of b?
2, 37
Let o = -8 + 13. Let a = 35 + o. Suppose -3*r + a = r. What are the prime factors of r?
2, 5
Let y be 1 + (3 - 2) - -14. Let c be 4/y + 166/8. Suppose -2*b - c = -3*h - 53, -3*h - 12 = 0. What are the prime factors of b?
2, 5
Let c = -9 + 1. Suppose -2*s = -4*g - s + 24, -5*g + s = -30. List the prime factors of ((-45)/10)/(g/c).
2, 3
Suppose -5*r + 4 = -6. Suppose 4 = 2*u + r*u. List the prime factors of u + 15 + -1 - -1.
2
Let g = 33 + -13. What are the prime factors of (-3 - -2) + -1 + g?
2, 3
Let m(h) = -h**2 + 14*h - 13. Suppose 2*y = -3*n + 26, 0*y - 4*n = -y + 2. Let i be m(y). Let s = -18 + i. List the prime factors of s.
3
Suppose m - 45 + 9 = 0. What are the prime factors of m?
2, 3
Suppose -4*g = g - 15. Suppose -g*n = 6 + 6, 36 = -4*c + n. List the prime factors of 5*1/(c/(-6)).
3
Suppose -p - 2*p + 195 = 0. Suppose 5*h - p = 150. List the prime factors of h.
43
Let x(g) = 4*g + 15. What are the prime factors of x(7)?
43
Let j be 0 + 4 - 0 - 3. Let p be j/2 + (-3)/6. Suppose p = 3*h - q - 20, -25 = -4*h + 4*q - 3*q. List the prime factors of h.
5
Suppose 3*s + 3*x + 8 = -2*x, 2*x = 2*s - 16. Suppose 0*n - 132 = -s*n. What are the prime factors of n?
3, 11
Let i(u) = u. List the prime factors of i(6).
2, 3
Let l(t) be the third derivative of 0 - 2/3*t**3 - 1/12*t**4 + t**2 + 0*t. What are the prime factors of l(-4)?
2
Suppose 2*c - 7*c + 140 = 0. Suppose 24 = 2*v - c. What are the prime factors of v?
2, 13
Let m(k) = -k**3 + 7*k**2 + 3*k. Let q(a) = -a**3 + 8*a**2 + 4*a - 1. Let z(d) = 4*m(d) - 3*q(d). What are the prime factors of z(4)?
3
Suppose -2*i + 4*q + 298 = 0, 2*i - 3*q - 621 = -2*i. List the prime factors of i.
3, 53
Suppose -q = -2*g - g + 4, 0 = -5*g + 4*q - 5. Suppose -2*s - 5*y = -83, g*s - 4*s + 40 = y. What are the prime factors of s?
3, 13
Suppose -5*o + 6 = -4. What are the prime factors of 8 + o + -2 + -2?
2, 3
Suppose 5*k + 0*k + 30 = 0. Let j(h) = -4*h + 1. What are the prime factors of j(k)?
5
Let y be (-50)/(-6) - 1/3. L